{"id":1724,"date":"2023-09-25T12:52:28","date_gmt":"2023-09-25T10:52:28","guid":{"rendered":"https:\/\/centrumzaburzenodzywiania.pl\/strefaspecjalisty\/?post_type=product&#038;p=1724"},"modified":"2026-01-31T20:19:00","modified_gmt":"2026-01-31T19:19:00","slug":"kurs-on-line-psychodietetyka-w-leczeniu-zaburzen-odzywiania","status":"publish","type":"product","link":"https:\/\/centrumzaburzenodzywiania.pl\/strefaspecjalisty\/produkt\/kurs-on-line-psychodietetyka-w-leczeniu-zaburzen-odzywiania\/","title":{"rendered":"[Kurs on-line] Psychodietetyka w leczeniu zaburze\u0144 od\u017cywiania"},"content":{"rendered":"","protected":false},"excerpt":{"rendered":"<p>Z jakich element\u00f3w sk\u0142ada si\u0119 ten kurs:<\/p>\n<ul>\n<li><strong>4 konkretne lekcje<\/strong><\/li>\n<li>narzi\u0119dzia psychodietetyczne: wywiad, zasady wsp\u00f3\u0142pracy (kontrakt), praca z oswajaniem fear food<\/li>\n<li>dost\u0119p do kursu online <strong>przez 3 lata<\/strong><\/li>\n<\/ul>\n<p><strong>NAGRANIA WIDEO <\/strong><\/p>\n<p>Wszystko dost\u0119pne na platformie on-line, do kt\u00f3rej otrzymasz dost\u0119p po zakupie.\u00a0W ka\u017cdym nagraniu specjalistka OCZO najpierw dok\u0142adnie i uwa\u017cnie wprowadzi Ci\u0119 w temat.<\/p>\n<p>Dost\u0119p do nagra\u0144 zyskujesz na 3 lata, wi\u0119c masz du\u017co czasu, by wspiera\u0107 si\u0119 tym materia\u0142em.<\/p>\n<p><b>NARZ\u0118DZIE PSYCHODIETETYCZNE<\/b><\/p>\n<p>Wiemy, ile czasu zajmuje przygotowywanie materia\u0142\u00f3w do sesji. Dlatego do kursu otrzymasz od nas gotow\u0105 formatk\u0119 wywiadu psychodietetycznego, zasad wsp\u00f3\u0142pracy do om\u00f3wienia na pocz\u0105tku, oraz narz\u0119dzie do wprowadzania fear food&#8217;\u00f3w do diety pacjenta.<\/p>\n<p><strong>Lekcje kursu:<\/strong><\/p>\n<p>WYWIAD PSYCHODIETETYCZNY I KOMUNIKACJA Z PACJENTEM<\/p>\n<p><strong>W tym module:<\/strong><\/p>\n<ul>\n<li>Dowiesz si\u0119,\u00a0w\u00a0jaki spos\u00f3b skutecznie komunikowa\u0107 si\u0119 z pacjentem?<\/li>\n<li>Zrozumiesz, jakich b\u0142\u0119d\u00f3w komunikacyjnych nale\u017cy unika\u0107?<\/li>\n<li>Nauczysz si\u0119, jak wydoby\u0107 wewn\u0119trzn\u0105 motywacj\u0119 pacjenta?<\/li>\n<li>Ustalisz o jakie elementy nale\u017cy zadba\u0107, przygotowuj\u0105c si\u0119 do pierwszego spotkania z pacjentem?<\/li>\n<li>Nauczysz si\u0119, jak rozpoczyna\u0107 spotkanie i ustali\u0107 cel wsp\u00f3\u0142pracy?<\/li>\n<li>Ustalisz, kt\u00f3re informacje musisz uzyska\u0107 od pacjenta priorytetowe, a kt\u00f3re mo\u017cesz sobie uzupe\u0142ni\u0107 w inny spos\u00f3b<\/li>\n<li>Poznasz fazy zmiany, kt\u00f3re pozwol\u0105 Ci na ustalenie gotowo\u015bci do zmiany<\/li>\n<li>Poznasz techniki komunikacyjne pomocne przy prowadzeniu wywiadu psychodietetycznego<\/li>\n<\/ul>\n<p>CZAS TRWANIA: 32 minuty<\/p>\n<p>ZABURZENIA OD\u017bYWIANIA Z PERSPEKTYWY DIETETYKA<\/p>\n<p><strong>W tym module:<\/strong><\/p>\n<ul>\n<li>Dowiesz si\u0119, jakie czynniki wywo\u0142uj\u0105 zaburzenia od\u017cywiania<\/li>\n<li>Nauczysz si\u0119 rozpoznawania czynnik\u00f3w predysponuj\u0105cych, wyzwalaj\u0105cych i podtrzymuj\u0105cych zaburzenia od\u017cywiania<\/li>\n<li>Zobaczysz, jakimi kryteriami diagnostycznymi pos\u0142ugujemy si\u0119 do rozpoznania zaburze\u0144 od\u017cywiania<\/li>\n<li>Rozpoznasz objawy somatyczne towarzysz\u0105ce anoreksji, bulimii i BED<\/li>\n<li>Dowiesz si\u0119, jakie badania laboratoryjne warto zaleci\u0107 i jak interpretowa\u0107 wyniki<\/li>\n<li>Nauczysz si\u0119 jak przeprowadzi\u0107 badanie fizykalne<\/li>\n<li>Nauczysz si\u0119 zada\u0107 realimentacji<\/li>\n<li>Zdob\u0119dziesz umiej\u0119tno\u015bci rozpoznania zespo\u0142u realimentacyjnego<\/li>\n<li>Dowiesz si\u0119 jak stopniowo rozszerza\u0107 diet\u0119 u osoby choruj\u0105cej na zaburzenia od\u017cywiania<\/li>\n<li>Poznasz podstawowe b\u0142\u0119dne ko\u0142o bulimii<\/li>\n<\/ul>\n<p>CZAS TRWANIA 28 minut<\/p>\n<p>ZABURZENIA OD\u017bYWIANIA Z PERSPEKTYWY PACJENTA<\/p>\n<p><strong>W tym module:<\/strong><\/p>\n<ul>\n<li>Dowiesz si\u0119, dlaczego tu nie chodzi o jedzenie<\/li>\n<li>Nauczysz si\u0119 patrze\u0107 na zaburzenia od\u017cywiania z perspektywy pacjenta<\/li>\n<li>Przyjrzysz si\u0119 obawom, kt\u00f3re mog\u0105 towarzyszy\u0107 pacjentowi<\/li>\n<li>Zweryfikujesz, czy tworzysz plany \u017cywieniowe w oparciu o mo\u017cliwo\u015bci pacjenta<\/li>\n<li>Dowiesz si\u0119, jak czynniki podtrzymuj\u0105ce mog\u0105 utrudnia\u0107 proces zdrowienia<\/li>\n<li>Przeanalizujesz wady i zalety prowadzenia dietoterapii w oparciu o jad\u0142ospis czy automonitoring<\/li>\n<li>Poznasz sposoby na kryzys w procesie zdrowienia<\/li>\n<\/ul>\n<p>CZAS TRWANIA: 22 minuty<\/p>\n<p>STUDIUM PRZYPADKU<\/p>\n<p><strong>W tym module:<\/strong><\/p>\n<p>Poznasz 3\u00a0opisy przypadk\u00f3w pacjentek zmagaj\u0105cych si\u0119 z: anoreksj\u0105, bulimi\u0105 i zaburzeniami od\u017cywiania z napadami objadania.<\/p>\n<p>Opisy uwzgl\u0119dniaj\u0105<\/p>\n<ul>\n<li>opis przypadku<\/li>\n<li>przyk\u0142adowy jad\u0142ospis<\/li>\n<li>objawy somatyczne<\/li>\n<li>objawy psychologiczne<\/li>\n<li>najwa\u017cniejsze elementy wsp\u00f3\u0142pracy<\/li>\n<li>na co nale\u017cy zwr\u00f3ci\u0107 uwag\u0119 w dietoterapii<\/li>\n<\/ul>\n<p>CZAS TRWANIA: 13 minut<\/p>\n<p>AUTORKA: <strong>Maria Sobieszek, dietetyczka ze specjalno\u015bci\u0105 z psychodietetetyki<\/strong><\/p>\n<p>&nbsp;<\/p>\n","protected":false},"featured_media":1726,"comment_status":"closed","ping_status":"closed","template":"","meta":{"_acf_changed":false,"inline_featured_image":false},"product_brand":[],"product_cat":[23,21],"product_tag":[],"class_list":{"0":"post-1724","1":"product","2":"type-product","3":"status-publish","4":"has-post-thumbnail","6":"product_cat-dla-specjalistow","7":"product_cat-platforma","9":"first","10":"instock","11":"virtual","12":"taxable","13":"purchasable","14":"product-type-simple"},"acf":[],"yoast_head":"<!-- This site is optimized with the Yoast SEO plugin v27.4 - https:\/\/yoast.com\/product\/yoast-seo-wordpress\/ -->\n<title>[Kurs on-line] Psychodietetyka w leczeniu zaburze\u0144 od\u017cywiania - Strefa Specjalisty - Og\u00f3lnopolskie Centrum Zaburze\u0144 Od\u017cywiania<\/title>\n<meta name=\"description\" content=\"Kurs online dla specjalist\u00f3w: psychodietetyka w leczeniu zaburze\u0144 od\u017cywiania. Gotowe narz\u0119dzia do pracy z pacjentem. 4 lekcje wideo, praktyczne wskaz\u00f3wki.\" \/>\n<meta name=\"robots\" content=\"index, follow, max-snippet:-1, max-image-preview:large, max-video-preview:-1\" \/>\n<link rel=\"canonical\" href=\"https:\/\/centrumzaburzenodzywiania.pl\/strefaspecjalisty\/produkt\/kurs-on-line-psychodietetyka-w-leczeniu-zaburzen-odzywiania\/\" \/>\n<meta property=\"og:locale\" content=\"pl_PL\" \/>\n<meta property=\"og:type\" content=\"article\" \/>\n<meta property=\"og:title\" content=\"[Kurs on-line] Psychodietetyka w leczeniu zaburze\u0144 od\u017cywiania - Strefa Specjalisty - Og\u00f3lnopolskie Centrum Zaburze\u0144 Od\u017cywiania\" \/>\n<meta property=\"og:description\" content=\"Kurs online dla specjalist\u00f3w: psychodietetyka w leczeniu zaburze\u0144 od\u017cywiania. Gotowe narz\u0119dzia do pracy z pacjentem. 4 lekcje wideo, praktyczne wskaz\u00f3wki.\" \/>\n<meta property=\"og:url\" content=\"https:\/\/centrumzaburzenodzywiania.pl\/strefaspecjalisty\/produkt\/kurs-on-line-psychodietetyka-w-leczeniu-zaburzen-odzywiania\/\" \/>\n<meta property=\"og:site_name\" content=\"Strefa Specjalisty - Og\u00f3lnopolskie Centrum Zaburze\u0144 Od\u017cywiania\" \/>\n<meta property=\"article:modified_time\" content=\"2026-01-31T19:19:00+00:00\" \/>\n<meta property=\"og:image\" content=\"https:\/\/centrumzaburzenodzywiania.pl\/strefaspecjalisty\/wp-content\/uploads\/2023\/09\/psychodietetyka_sklep.png\" \/>\n\t<meta property=\"og:image:width\" content=\"1080\" \/>\n\t<meta property=\"og:image:height\" content=\"1080\" \/>\n\t<meta property=\"og:image:type\" content=\"image\/png\" \/>\n<meta name=\"twitter:card\" content=\"summary_large_image\" \/>\n<meta name=\"twitter:label1\" content=\"Szacowany czas czytania\" \/>\n\t<meta name=\"twitter:data1\" content=\"1 minuta\" \/>\n<script type=\"application\/ld+json\" class=\"yoast-schema-graph\">{\"@context\":\"https:\\\/\\\/schema.org\",\"@graph\":[{\"@type\":\"WebPage\",\"@id\":\"https:\\\/\\\/centrumzaburzenodzywiania.pl\\\/strefaspecjalisty\\\/produkt\\\/kurs-on-line-psychodietetyka-w-leczeniu-zaburzen-odzywiania\\\/\",\"url\":\"https:\\\/\\\/centrumzaburzenodzywiania.pl\\\/strefaspecjalisty\\\/produkt\\\/kurs-on-line-psychodietetyka-w-leczeniu-zaburzen-odzywiania\\\/\",\"name\":\"[Kurs on-line] Psychodietetyka w leczeniu zaburze\u0144 od\u017cywiania - Strefa Specjalisty - Og\u00f3lnopolskie Centrum Zaburze\u0144 Od\u017cywiania\",\"isPartOf\":{\"@id\":\"https:\\\/\\\/centrumzaburzenodzywiania.pl\\\/strefaspecjalisty\\\/#website\"},\"primaryImageOfPage\":{\"@id\":\"https:\\\/\\\/centrumzaburzenodzywiania.pl\\\/strefaspecjalisty\\\/produkt\\\/kurs-on-line-psychodietetyka-w-leczeniu-zaburzen-odzywiania\\\/#primaryimage\"},\"image\":{\"@id\":\"https:\\\/\\\/centrumzaburzenodzywiania.pl\\\/strefaspecjalisty\\\/produkt\\\/kurs-on-line-psychodietetyka-w-leczeniu-zaburzen-odzywiania\\\/#primaryimage\"},\"thumbnailUrl\":\"https:\\\/\\\/centrumzaburzenodzywiania.pl\\\/strefaspecjalisty\\\/wp-content\\\/uploads\\\/2023\\\/09\\\/psychodietetyka_sklep.png\",\"datePublished\":\"2023-09-25T10:52:28+00:00\",\"dateModified\":\"2026-01-31T19:19:00+00:00\",\"description\":\"Kurs online dla specjalist\u00f3w: psychodietetyka w leczeniu zaburze\u0144 od\u017cywiania. Gotowe narz\u0119dzia do pracy z pacjentem. 4 lekcje wideo, praktyczne wskaz\u00f3wki.\",\"breadcrumb\":{\"@id\":\"https:\\\/\\\/centrumzaburzenodzywiania.pl\\\/strefaspecjalisty\\\/produkt\\\/kurs-on-line-psychodietetyka-w-leczeniu-zaburzen-odzywiania\\\/#breadcrumb\"},\"inLanguage\":\"pl-PL\",\"potentialAction\":[{\"@type\":\"ReadAction\",\"target\":[\"https:\\\/\\\/centrumzaburzenodzywiania.pl\\\/strefaspecjalisty\\\/produkt\\\/kurs-on-line-psychodietetyka-w-leczeniu-zaburzen-odzywiania\\\/\"]}]},{\"@type\":\"ImageObject\",\"inLanguage\":\"pl-PL\",\"@id\":\"https:\\\/\\\/centrumzaburzenodzywiania.pl\\\/strefaspecjalisty\\\/produkt\\\/kurs-on-line-psychodietetyka-w-leczeniu-zaburzen-odzywiania\\\/#primaryimage\",\"url\":\"https:\\\/\\\/centrumzaburzenodzywiania.pl\\\/strefaspecjalisty\\\/wp-content\\\/uploads\\\/2023\\\/09\\\/psychodietetyka_sklep.png\",\"contentUrl\":\"https:\\\/\\\/centrumzaburzenodzywiania.pl\\\/strefaspecjalisty\\\/wp-content\\\/uploads\\\/2023\\\/09\\\/psychodietetyka_sklep.png\",\"width\":1080,\"height\":1080},{\"@type\":\"BreadcrumbList\",\"@id\":\"https:\\\/\\\/centrumzaburzenodzywiania.pl\\\/strefaspecjalisty\\\/produkt\\\/kurs-on-line-psychodietetyka-w-leczeniu-zaburzen-odzywiania\\\/#breadcrumb\",\"itemListElement\":[{\"@type\":\"ListItem\",\"position\":1,\"name\":\"Strona g\u0142\u00f3wna\",\"item\":\"https:\\\/\\\/centrumzaburzenodzywiania.pl\\\/strefaspecjalisty\\\/\"},{\"@type\":\"ListItem\",\"position\":2,\"name\":\"Sklep\",\"item\":\"https:\\\/\\\/centrumzaburzenodzywiania.pl\\\/strefaspecjalisty\\\/sklep\\\/\"},{\"@type\":\"ListItem\",\"position\":3,\"name\":\"[Kurs on-line] Psychodietetyka w leczeniu zaburze\u0144 od\u017cywiania\"}]},{\"@type\":\"WebSite\",\"@id\":\"https:\\\/\\\/centrumzaburzenodzywiania.pl\\\/strefaspecjalisty\\\/#website\",\"url\":\"https:\\\/\\\/centrumzaburzenodzywiania.pl\\\/strefaspecjalisty\\\/\",\"name\":\"Strefa Specjalisty - Og\u00f3lnopolskie Centrum Zaburze\u0144 Od\u017cywiania\",\"description\":\"Strefa Specjalisty - Og\u00f3lnopolskie Centrum Zaburze\u0144 Od\u017cywiania\",\"publisher\":{\"@id\":\"https:\\\/\\\/centrumzaburzenodzywiania.pl\\\/strefaspecjalisty\\\/#organization\"},\"potentialAction\":[{\"@type\":\"SearchAction\",\"target\":{\"@type\":\"EntryPoint\",\"urlTemplate\":\"https:\\\/\\\/centrumzaburzenodzywiania.pl\\\/strefaspecjalisty\\\/?s={search_term_string}\"},\"query-input\":{\"@type\":\"PropertyValueSpecification\",\"valueRequired\":true,\"valueName\":\"search_term_string\"}}],\"inLanguage\":\"pl-PL\"},{\"@type\":\"Organization\",\"@id\":\"https:\\\/\\\/centrumzaburzenodzywiania.pl\\\/strefaspecjalisty\\\/#organization\",\"name\":\"Strefa Specjalisty - Og\u00f3lnopolskie Centrum Zaburze\u0144 Od\u017cywiania\",\"url\":\"https:\\\/\\\/centrumzaburzenodzywiania.pl\\\/strefaspecjalisty\\\/\",\"logo\":{\"@type\":\"ImageObject\",\"inLanguage\":\"pl-PL\",\"@id\":\"https:\\\/\\\/centrumzaburzenodzywiania.pl\\\/strefaspecjalisty\\\/#\\\/schema\\\/logo\\\/image\\\/\",\"url\":\"https:\\\/\\\/centrumzaburzenodzywiania.pl\\\/strefaspecjalisty\\\/wp-content\\\/uploads\\\/2025\\\/11\\\/logo.png\",\"contentUrl\":\"https:\\\/\\\/centrumzaburzenodzywiania.pl\\\/strefaspecjalisty\\\/wp-content\\\/uploads\\\/2025\\\/11\\\/logo.png\",\"width\":141,\"height\":54,\"caption\":\"Strefa Specjalisty - Og\u00f3lnopolskie Centrum Zaburze\u0144 Od\u017cywiania\"},\"image\":{\"@id\":\"https:\\\/\\\/centrumzaburzenodzywiania.pl\\\/strefaspecjalisty\\\/#\\\/schema\\\/logo\\\/image\\\/\"}}]}<\/script>\n<!-- \/ Yoast SEO plugin. -->","yoast_head_json":{"title":"[Kurs on-line] Psychodietetyka w leczeniu zaburze\u0144 od\u017cywiania - Strefa Specjalisty - Og\u00f3lnopolskie Centrum Zaburze\u0144 Od\u017cywiania","description":"Kurs online dla specjalist\u00f3w: psychodietetyka w leczeniu zaburze\u0144 od\u017cywiania. Gotowe narz\u0119dzia do pracy z pacjentem. 4 lekcje wideo, praktyczne wskaz\u00f3wki.","robots":{"index":"index","follow":"follow","max-snippet":"max-snippet:-1","max-image-preview":"max-image-preview:large","max-video-preview":"max-video-preview:-1"},"canonical":"https:\/\/centrumzaburzenodzywiania.pl\/strefaspecjalisty\/produkt\/kurs-on-line-psychodietetyka-w-leczeniu-zaburzen-odzywiania\/","og_locale":"pl_PL","og_type":"article","og_title":"[Kurs on-line] Psychodietetyka w leczeniu zaburze\u0144 od\u017cywiania - Strefa Specjalisty - Og\u00f3lnopolskie Centrum Zaburze\u0144 Od\u017cywiania","og_description":"Kurs online dla specjalist\u00f3w: psychodietetyka w leczeniu zaburze\u0144 od\u017cywiania. Gotowe narz\u0119dzia do pracy z pacjentem. 4 lekcje wideo, praktyczne wskaz\u00f3wki.","og_url":"https:\/\/centrumzaburzenodzywiania.pl\/strefaspecjalisty\/produkt\/kurs-on-line-psychodietetyka-w-leczeniu-zaburzen-odzywiania\/","og_site_name":"Strefa Specjalisty - Og\u00f3lnopolskie Centrum Zaburze\u0144 Od\u017cywiania","article_modified_time":"2026-01-31T19:19:00+00:00","og_image":[{"width":1080,"height":1080,"url":"https:\/\/centrumzaburzenodzywiania.pl\/strefaspecjalisty\/wp-content\/uploads\/2023\/09\/psychodietetyka_sklep.png","type":"image\/png"}],"twitter_card":"summary_large_image","twitter_misc":{"Szacowany czas czytania":"1 minuta"},"schema":{"@context":"https:\/\/schema.org","@graph":[{"@type":"WebPage","@id":"https:\/\/centrumzaburzenodzywiania.pl\/strefaspecjalisty\/produkt\/kurs-on-line-psychodietetyka-w-leczeniu-zaburzen-odzywiania\/","url":"https:\/\/centrumzaburzenodzywiania.pl\/strefaspecjalisty\/produkt\/kurs-on-line-psychodietetyka-w-leczeniu-zaburzen-odzywiania\/","name":"[Kurs on-line] Psychodietetyka w leczeniu zaburze\u0144 od\u017cywiania - Strefa Specjalisty - Og\u00f3lnopolskie Centrum Zaburze\u0144 Od\u017cywiania","isPartOf":{"@id":"https:\/\/centrumzaburzenodzywiania.pl\/strefaspecjalisty\/#website"},"primaryImageOfPage":{"@id":"https:\/\/centrumzaburzenodzywiania.pl\/strefaspecjalisty\/produkt\/kurs-on-line-psychodietetyka-w-leczeniu-zaburzen-odzywiania\/#primaryimage"},"image":{"@id":"https:\/\/centrumzaburzenodzywiania.pl\/strefaspecjalisty\/produkt\/kurs-on-line-psychodietetyka-w-leczeniu-zaburzen-odzywiania\/#primaryimage"},"thumbnailUrl":"https:\/\/centrumzaburzenodzywiania.pl\/strefaspecjalisty\/wp-content\/uploads\/2023\/09\/psychodietetyka_sklep.png","datePublished":"2023-09-25T10:52:28+00:00","dateModified":"2026-01-31T19:19:00+00:00","description":"Kurs online dla specjalist\u00f3w: psychodietetyka w leczeniu zaburze\u0144 od\u017cywiania. Gotowe narz\u0119dzia do pracy z pacjentem. 4 lekcje wideo, praktyczne wskaz\u00f3wki.","breadcrumb":{"@id":"https:\/\/centrumzaburzenodzywiania.pl\/strefaspecjalisty\/produkt\/kurs-on-line-psychodietetyka-w-leczeniu-zaburzen-odzywiania\/#breadcrumb"},"inLanguage":"pl-PL","potentialAction":[{"@type":"ReadAction","target":["https:\/\/centrumzaburzenodzywiania.pl\/strefaspecjalisty\/produkt\/kurs-on-line-psychodietetyka-w-leczeniu-zaburzen-odzywiania\/"]}]},{"@type":"ImageObject","inLanguage":"pl-PL","@id":"https:\/\/centrumzaburzenodzywiania.pl\/strefaspecjalisty\/produkt\/kurs-on-line-psychodietetyka-w-leczeniu-zaburzen-odzywiania\/#primaryimage","url":"https:\/\/centrumzaburzenodzywiania.pl\/strefaspecjalisty\/wp-content\/uploads\/2023\/09\/psychodietetyka_sklep.png","contentUrl":"https:\/\/centrumzaburzenodzywiania.pl\/strefaspecjalisty\/wp-content\/uploads\/2023\/09\/psychodietetyka_sklep.png","width":1080,"height":1080},{"@type":"BreadcrumbList","@id":"https:\/\/centrumzaburzenodzywiania.pl\/strefaspecjalisty\/produkt\/kurs-on-line-psychodietetyka-w-leczeniu-zaburzen-odzywiania\/#breadcrumb","itemListElement":[{"@type":"ListItem","position":1,"name":"Strona g\u0142\u00f3wna","item":"https:\/\/centrumzaburzenodzywiania.pl\/strefaspecjalisty\/"},{"@type":"ListItem","position":2,"name":"Sklep","item":"https:\/\/centrumzaburzenodzywiania.pl\/strefaspecjalisty\/sklep\/"},{"@type":"ListItem","position":3,"name":"[Kurs on-line] Psychodietetyka w leczeniu zaburze\u0144 od\u017cywiania"}]},{"@type":"WebSite","@id":"https:\/\/centrumzaburzenodzywiania.pl\/strefaspecjalisty\/#website","url":"https:\/\/centrumzaburzenodzywiania.pl\/strefaspecjalisty\/","name":"Strefa Specjalisty - Og\u00f3lnopolskie Centrum Zaburze\u0144 Od\u017cywiania","description":"Strefa Specjalisty - Og\u00f3lnopolskie Centrum Zaburze\u0144 Od\u017cywiania","publisher":{"@id":"https:\/\/centrumzaburzenodzywiania.pl\/strefaspecjalisty\/#organization"},"potentialAction":[{"@type":"SearchAction","target":{"@type":"EntryPoint","urlTemplate":"https:\/\/centrumzaburzenodzywiania.pl\/strefaspecjalisty\/?s={search_term_string}"},"query-input":{"@type":"PropertyValueSpecification","valueRequired":true,"valueName":"search_term_string"}}],"inLanguage":"pl-PL"},{"@type":"Organization","@id":"https:\/\/centrumzaburzenodzywiania.pl\/strefaspecjalisty\/#organization","name":"Strefa Specjalisty - Og\u00f3lnopolskie Centrum Zaburze\u0144 Od\u017cywiania","url":"https:\/\/centrumzaburzenodzywiania.pl\/strefaspecjalisty\/","logo":{"@type":"ImageObject","inLanguage":"pl-PL","@id":"https:\/\/centrumzaburzenodzywiania.pl\/strefaspecjalisty\/#\/schema\/logo\/image\/","url":"https:\/\/centrumzaburzenodzywiania.pl\/strefaspecjalisty\/wp-content\/uploads\/2025\/11\/logo.png","contentUrl":"https:\/\/centrumzaburzenodzywiania.pl\/strefaspecjalisty\/wp-content\/uploads\/2025\/11\/logo.png","width":141,"height":54,"caption":"Strefa Specjalisty - Og\u00f3lnopolskie Centrum Zaburze\u0144 Od\u017cywiania"},"image":{"@id":"https:\/\/centrumzaburzenodzywiania.pl\/strefaspecjalisty\/#\/schema\/logo\/image\/"}}]}},"_links":{"self":[{"href":"https:\/\/centrumzaburzenodzywiania.pl\/strefaspecjalisty\/wp-json\/wp\/v2\/product\/1724","targetHints":{"allow":["GET"]}}],"collection":[{"href":"https:\/\/centrumzaburzenodzywiania.pl\/strefaspecjalisty\/wp-json\/wp\/v2\/product"}],"about":[{"href":"https:\/\/centrumzaburzenodzywiania.pl\/strefaspecjalisty\/wp-json\/wp\/v2\/types\/product"}],"replies":[{"embeddable":true,"href":"https:\/\/centrumzaburzenodzywiania.pl\/strefaspecjalisty\/wp-json\/wp\/v2\/comments?post=1724"}],"wp:featuredmedia":[{"embeddable":true,"href":"https:\/\/centrumzaburzenodzywiania.pl\/strefaspecjalisty\/wp-json\/wp\/v2\/media\/1726"}],"wp:attachment":[{"href":"https:\/\/centrumzaburzenodzywiania.pl\/strefaspecjalisty\/wp-json\/wp\/v2\/media?parent=1724"}],"wp:term":[{"taxonomy":"product_brand","embeddable":true,"href":"https:\/\/centrumzaburzenodzywiania.pl\/strefaspecjalisty\/wp-json\/wp\/v2\/product_brand?post=1724"},{"taxonomy":"product_cat","embeddable":true,"href":"https:\/\/centrumzaburzenodzywiania.pl\/strefaspecjalisty\/wp-json\/wp\/v2\/product_cat?post=1724"},{"taxonomy":"product_tag","embeddable":true,"href":"https:\/\/centrumzaburzenodzywiania.pl\/strefaspecjalisty\/wp-json\/wp\/v2\/product_tag?post=1724"}],"curies":[{"name":"wp","href":"https:\/\/api.w.org\/{rel}","templated":true}]}}