{"id":456,"date":"2021-04-01T10:36:39","date_gmt":"2021-04-01T08:36:39","guid":{"rendered":"https:\/\/centrumzaburzenodzywiania.pl\/strefaspecjalisty\/?page_id=456"},"modified":"2026-01-09T09:54:44","modified_gmt":"2026-01-09T08:54:44","slug":"milena-kudlewska","status":"publish","type":"page","link":"https:\/\/centrumzaburzenodzywiania.pl\/strefaspecjalisty\/milena-kudlewska\/","title":{"rendered":"Milena Kudlewska"},"content":{"rendered":"\n<div class=\"wp-block-group has-grey-2-background-color has-background has-global-padding is-layout-constrained wp-block-group-is-layout-constrained\">\n<div aria-hidden=\"true\" class=\"wp-block-fsb-flexible-spacer fsb-flexible-spacer\"><div class=\"fsb-flexible-spacer__device fsb-flexible-spacer__device--lg\" style=\"height:1rem\"><\/div><div class=\"fsb-flexible-spacer__device fsb-flexible-spacer__device--md\" style=\"height:1rem\"><\/div><div class=\"fsb-flexible-spacer__device fsb-flexible-spacer__device--sm\" style=\"height:1rem\"><\/div><\/div>\n\n\n<div class=\"wp-bootstrap-blocks-container container mb-2\">\n\t\n<div class=\"wp-bootstrap-blocks-row row gx-5 gy-4\">\n\t\n\n<div class=\"col-12 col-md-12 col-lg-6 col-xl-6 col-xxl-6\">\n\t\t\t<div class=\"h-100 d-flex flex-column justify-content-center\">\n\t\t\t\n\n<figure class=\"wp-block-image aligncenter size-full\"><img decoding=\"async\" src=\"https:\/\/centrumzaburzenodzywiania.pl\/strefaspecjalisty\/wp-content\/uploads\/2025\/08\/oczo-milena-kudlewska.png\" alt=\"Milena Kudlewska\" class=\"wp-image-4474\"\/><\/figure>\n\n\t\t<\/div>\n\t<\/div>\n\n\n\n<div class=\"col-12 col-md-12 col-lg-6 col-xl-6 col-xxl-6\">\n\t\t\t<div class=\"h-100 d-flex flex-column justify-content-center\">\n\t\t\t\n\n<h5 class=\"wp-block-heading has-text-align-left specjalista-tytul has-text-color has-link-color has-opensans-font-family wp-elements-8f88f09a2958d4a854e65bf4f7f6db6f\" style=\"color:#ff8d00;padding-top:0;padding-right:0;padding-bottom:0;padding-left:0;font-size:clamp(14px, 0.875rem + ((1vw - 3.2px) * 0.455), 20px);font-style:normal;font-weight:600;line-height:1.5\">Koordynator Strefy, dietetyk<\/h5>\n\n\n\n<h1 class=\"wp-block-heading has-text-align-left specjalista-tytul has-dark-green-color has-text-color has-link-color has-opensans-font-family wp-elements-39fb61aba15e70cee5d609b1c7678cc0\" style=\"padding-top:0;padding-right:0;padding-bottom:var(--wp--preset--spacing--50);padding-left:0;font-size:clamp(26.465px, 1.654rem + ((1vw - 3.2px) * 1.404), 45px);font-style:normal;font-weight:600;line-height:1.5\"><strong>Milena Kudlewska<\/strong><\/h1>\n\n\t\t<\/div>\n\t<\/div>\n\n<\/div>\n\n\n\n<p class=\"has--font-size\">Nazywam si\u0119 Milena Kudlewska. Jestem dietetyczk\u0105, psychodietetyczk\u0105 i biologiem. Uko\u0144czy\u0142am dietetyk\u0119 na Uniwersytecie Przyrodniczym w Poznaniu, biologi\u0119 eksperymentaln\u0105 na Uniwersytecie im. Adama Mickiewicza oraz psychodietetyk\u0119 na Uniwersytecie SWPS. Jestem absolwentk\u0105 Studium Leczenia Zaburze\u0144 Od\u017cywiania.<\/p>\n\n\n\n<p class=\"has--font-size\">Od ponad dekady jestem zwi\u0105zana z <strong>Og\u00f3lnopolskim Centrum Zaburze\u0144 Od\u017cywiania (OCZO)<\/strong> \u2013 miejscem, kt\u00f3re od lat leczy osoby choruj\u0105ce na zaburzenia od\u017cywiania i wspiera ich bliskich. Na co dzie\u0144 <strong>koordynuj\u0119 Stref\u0119 Specjalisty<\/strong> \u2013 przestrze\u0144 rozwoju dla dietetyk\u00f3w, psycholog\u00f3w, psychoterapeut\u00f3w i student\u00f3w kierunk\u00f3w pomocowych. Tworz\u0119 i prowadz\u0119 projekty edukacyjne dla os\u00f3b, kt\u00f3re chc\u0105 pracowa\u0107 m\u0105drzej, g\u0142\u0119biej i bardziej relacyjnie \u2013 ucz\u0105c si\u0119 nie tylko z teorii, ale przede wszystkim z do\u015bwiadcze\u0144 innych.<\/p>\n\n\n\n<p class=\"has--font-size\">Wsp\u00f3\u0142tworz\u0119 i rozwijam programy:<\/p>\n\n\n\n<ul style=\"margin-bottom:var(--wp--preset--spacing--50)\" class=\"wp-block-list\">\n<li><strong>Studium Leczenia Zaburze\u0144 Od\u017cywiania<\/strong> \u2013 kompleksowe przygotowanie do pracy z pacjentami,<\/li>\n\n\n\n<li><strong>Studium PRO<\/strong> \u2013 dla praktyk\u00f3w, kt\u00f3rzy chc\u0105 rozwija\u0107 sw\u00f3j autorski styl pracy i pog\u0142\u0119bia\u0107 rozumienie proces\u00f3w,<\/li>\n\n\n\n<li><strong>Trening umiej\u0119tno\u015bci pracy z pacjentem<\/strong> \u2013 praktyczne warsztaty z komunikacji, diagnozy relacyjnej i prowadzenia procesu,<\/li>\n\n\n\n<li><strong>Niezb\u0119dnik specjalisty \u2013 zaburzenia od\u017cywiania<\/strong> \u2013 kurs online dla os\u00f3b stawiaj\u0105cych pierwsze kroki w tym obszarze.<\/li>\n<\/ul>\n\n\n\n<p class=\"has--font-size\">Jestem r\u00f3wnie\u017c <strong>autork\u0105 e-booka dla rodzic\u00f3w<\/strong>: <em>\u201eJak ogarn\u0105\u0107 diet\u0119 dziecka z anoreksj\u0105\u201d<\/em> oraz <strong>kursu online dla os\u00f3b z zaburzon\u0105 relacj\u0105 z jedzeniem<\/strong>: <em>\u201eJak zamieni\u0107 objadanie w zdrow\u0105 relacj\u0119 z jedzeniem?\u201d<\/em>. Oba projekty powsta\u0142y z my\u015bl\u0105 o osobach, kt\u00f3re szukaj\u0105 praktycznych narz\u0119dzi, by lepiej rozumie\u0107 siebie lub wspiera\u0107 bliskich w procesie zdrowienia.<\/p>\n\n\n\n<p>Tworz\u0119 tak\u017ce webinary, spotkania rozwojowe i newslettery, kt\u00f3re buduj\u0105 spo\u0142eczno\u015b\u0107 specjalist\u00f3w pracuj\u0105cych z osobami z zaburzeniami od\u017cywiania. W swoich dzia\u0142aniach \u0142\u0105cz\u0119 <strong>wiedz\u0119 naukow\u0105, do\u015bwiadczenie gabinetowe i relacyjne podej\u015bcie do procesu zdrowienia<\/strong>.<\/p>\n\n\n\n<p>W pracy kieruj\u0119 si\u0119 warto\u015bciami: <strong>rzetelno\u015b\u0107, relacyjno\u015b\u0107, wsp\u00f3\u0142praca i dzielenie si\u0119 praktyk\u0105<\/strong>. Zale\u017cy mi na tworzeniu przestrzeni, w kt\u00f3rych specjali\u015bci mog\u0105 uczy\u0107 si\u0119 w swoim tempie, wymienia\u0107 do\u015bwiadczeniami i rozwija\u0107 umiej\u0119tno\u015b\u0107 pracy opartej na zrozumieniu, a nie na schematach.<\/p>\n\n<\/div>\n\n\n\n<div aria-hidden=\"true\" class=\"wp-block-fsb-flexible-spacer fsb-flexible-spacer\"><div class=\"fsb-flexible-spacer__device fsb-flexible-spacer__device--lg\" style=\"height:5rem\"><\/div><div class=\"fsb-flexible-spacer__device fsb-flexible-spacer__device--md\" style=\"height:5rem\"><\/div><div class=\"fsb-flexible-spacer__device fsb-flexible-spacer__device--sm\" style=\"height:4rem\"><\/div><\/div>\n<\/div>\n","protected":false},"excerpt":{"rendered":"","protected":false},"author":3,"featured_media":0,"parent":0,"menu_order":0,"comment_status":"closed","ping_status":"closed","template":"","meta":{"_acf_changed":false,"inline_featured_image":false,"footnotes":""},"class_list":["post-456","page","type-page","status-publish","hentry"],"acf":[],"yoast_head":"<!-- This site is optimized with the Yoast SEO plugin v27.4 - https:\/\/yoast.com\/product\/yoast-seo-wordpress\/ -->\n<title>Milena Kudlewska - Strefa Specjalisty - Og\u00f3lnopolskie Centrum Zaburze\u0144 Od\u017cywiania<\/title>\n<meta name=\"description\" content=\"Milena Kudlewska-dietetyczka, psychodietetyczka, biolog. Tworzy i prowadzi projekty edukacyjne, kt\u00f3re ucz\u0105 nie tylko teorii, ale te\u017c praktyki.\" \/>\n<meta name=\"robots\" content=\"index, follow, max-snippet:-1, max-image-preview:large, max-video-preview:-1\" \/>\n<link rel=\"canonical\" href=\"https:\/\/centrumzaburzenodzywiania.pl\/strefaspecjalisty\/milena-kudlewska\/\" \/>\n<meta property=\"og:locale\" content=\"pl_PL\" \/>\n<meta property=\"og:type\" content=\"article\" \/>\n<meta property=\"og:title\" content=\"Milena Kudlewska - Strefa Specjalisty - Og\u00f3lnopolskie Centrum Zaburze\u0144 Od\u017cywiania\" \/>\n<meta property=\"og:description\" content=\"Milena Kudlewska-dietetyczka, psychodietetyczka, biolog. Tworzy i prowadzi projekty edukacyjne, kt\u00f3re ucz\u0105 nie tylko teorii, ale te\u017c praktyki.\" \/>\n<meta property=\"og:url\" content=\"https:\/\/centrumzaburzenodzywiania.pl\/strefaspecjalisty\/milena-kudlewska\/\" \/>\n<meta property=\"og:site_name\" content=\"Strefa Specjalisty - Og\u00f3lnopolskie Centrum Zaburze\u0144 Od\u017cywiania\" \/>\n<meta property=\"article:modified_time\" content=\"2026-01-09T08:54:44+00:00\" \/>\n<meta name=\"twitter:card\" content=\"summary_large_image\" \/>\n<meta name=\"twitter:label1\" content=\"Szacowany czas czytania\" \/>\n\t<meta name=\"twitter:data1\" content=\"2 minuty\" \/>\n<script type=\"application\/ld+json\" class=\"yoast-schema-graph\">{\"@context\":\"https:\\\/\\\/schema.org\",\"@graph\":[{\"@type\":\"WebPage\",\"@id\":\"https:\\\/\\\/centrumzaburzenodzywiania.pl\\\/strefaspecjalisty\\\/milena-kudlewska\\\/\",\"url\":\"https:\\\/\\\/centrumzaburzenodzywiania.pl\\\/strefaspecjalisty\\\/milena-kudlewska\\\/\",\"name\":\"Milena Kudlewska - Strefa Specjalisty - Og\u00f3lnopolskie Centrum Zaburze\u0144 Od\u017cywiania\",\"isPartOf\":{\"@id\":\"https:\\\/\\\/centrumzaburzenodzywiania.pl\\\/strefaspecjalisty\\\/#website\"},\"primaryImageOfPage\":{\"@id\":\"https:\\\/\\\/centrumzaburzenodzywiania.pl\\\/strefaspecjalisty\\\/milena-kudlewska\\\/#primaryimage\"},\"image\":{\"@id\":\"https:\\\/\\\/centrumzaburzenodzywiania.pl\\\/strefaspecjalisty\\\/milena-kudlewska\\\/#primaryimage\"},\"thumbnailUrl\":\"https:\\\/\\\/centrumzaburzenodzywiania.pl\\\/strefaspecjalisty\\\/wp-content\\\/uploads\\\/2025\\\/08\\\/oczo-milena-kudlewska.png\",\"datePublished\":\"2021-04-01T08:36:39+00:00\",\"dateModified\":\"2026-01-09T08:54:44+00:00\",\"description\":\"Milena Kudlewska-dietetyczka, psychodietetyczka, biolog. Tworzy i prowadzi projekty edukacyjne, kt\u00f3re ucz\u0105 nie tylko teorii, ale te\u017c praktyki.\",\"breadcrumb\":{\"@id\":\"https:\\\/\\\/centrumzaburzenodzywiania.pl\\\/strefaspecjalisty\\\/milena-kudlewska\\\/#breadcrumb\"},\"inLanguage\":\"pl-PL\",\"potentialAction\":[{\"@type\":\"ReadAction\",\"target\":[\"https:\\\/\\\/centrumzaburzenodzywiania.pl\\\/strefaspecjalisty\\\/milena-kudlewska\\\/\"]}]},{\"@type\":\"ImageObject\",\"inLanguage\":\"pl-PL\",\"@id\":\"https:\\\/\\\/centrumzaburzenodzywiania.pl\\\/strefaspecjalisty\\\/milena-kudlewska\\\/#primaryimage\",\"url\":\"\",\"contentUrl\":\"\"},{\"@type\":\"BreadcrumbList\",\"@id\":\"https:\\\/\\\/centrumzaburzenodzywiania.pl\\\/strefaspecjalisty\\\/milena-kudlewska\\\/#breadcrumb\",\"itemListElement\":[{\"@type\":\"ListItem\",\"position\":1,\"name\":\"Strona g\u0142\u00f3wna\",\"item\":\"https:\\\/\\\/centrumzaburzenodzywiania.pl\\\/strefaspecjalisty\\\/\"},{\"@type\":\"ListItem\",\"position\":2,\"name\":\"Milena Kudlewska\"}]},{\"@type\":\"WebSite\",\"@id\":\"https:\\\/\\\/centrumzaburzenodzywiania.pl\\\/strefaspecjalisty\\\/#website\",\"url\":\"https:\\\/\\\/centrumzaburzenodzywiania.pl\\\/strefaspecjalisty\\\/\",\"name\":\"Strefa Specjalisty - Og\u00f3lnopolskie Centrum Zaburze\u0144 Od\u017cywiania\",\"description\":\"Strefa Specjalisty - Og\u00f3lnopolskie Centrum Zaburze\u0144 Od\u017cywiania\",\"publisher\":{\"@id\":\"https:\\\/\\\/centrumzaburzenodzywiania.pl\\\/strefaspecjalisty\\\/#organization\"},\"potentialAction\":[{\"@type\":\"SearchAction\",\"target\":{\"@type\":\"EntryPoint\",\"urlTemplate\":\"https:\\\/\\\/centrumzaburzenodzywiania.pl\\\/strefaspecjalisty\\\/?s={search_term_string}\"},\"query-input\":{\"@type\":\"PropertyValueSpecification\",\"valueRequired\":true,\"valueName\":\"search_term_string\"}}],\"inLanguage\":\"pl-PL\"},{\"@type\":\"Organization\",\"@id\":\"https:\\\/\\\/centrumzaburzenodzywiania.pl\\\/strefaspecjalisty\\\/#organization\",\"name\":\"Strefa Specjalisty - Og\u00f3lnopolskie Centrum Zaburze\u0144 Od\u017cywiania\",\"url\":\"https:\\\/\\\/centrumzaburzenodzywiania.pl\\\/strefaspecjalisty\\\/\",\"logo\":{\"@type\":\"ImageObject\",\"inLanguage\":\"pl-PL\",\"@id\":\"https:\\\/\\\/centrumzaburzenodzywiania.pl\\\/strefaspecjalisty\\\/#\\\/schema\\\/logo\\\/image\\\/\",\"url\":\"https:\\\/\\\/centrumzaburzenodzywiania.pl\\\/strefaspecjalisty\\\/wp-content\\\/uploads\\\/2025\\\/11\\\/logo.png\",\"contentUrl\":\"https:\\\/\\\/centrumzaburzenodzywiania.pl\\\/strefaspecjalisty\\\/wp-content\\\/uploads\\\/2025\\\/11\\\/logo.png\",\"width\":141,\"height\":54,\"caption\":\"Strefa Specjalisty - Og\u00f3lnopolskie Centrum Zaburze\u0144 Od\u017cywiania\"},\"image\":{\"@id\":\"https:\\\/\\\/centrumzaburzenodzywiania.pl\\\/strefaspecjalisty\\\/#\\\/schema\\\/logo\\\/image\\\/\"}}]}<\/script>\n<!-- \/ Yoast SEO plugin. -->","yoast_head_json":{"title":"Milena Kudlewska - Strefa Specjalisty - Og\u00f3lnopolskie Centrum Zaburze\u0144 Od\u017cywiania","description":"Milena Kudlewska-dietetyczka, psychodietetyczka, biolog. Tworzy i prowadzi projekty edukacyjne, kt\u00f3re ucz\u0105 nie tylko teorii, ale te\u017c praktyki.","robots":{"index":"index","follow":"follow","max-snippet":"max-snippet:-1","max-image-preview":"max-image-preview:large","max-video-preview":"max-video-preview:-1"},"canonical":"https:\/\/centrumzaburzenodzywiania.pl\/strefaspecjalisty\/milena-kudlewska\/","og_locale":"pl_PL","og_type":"article","og_title":"Milena Kudlewska - Strefa Specjalisty - Og\u00f3lnopolskie Centrum Zaburze\u0144 Od\u017cywiania","og_description":"Milena Kudlewska-dietetyczka, psychodietetyczka, biolog. Tworzy i prowadzi projekty edukacyjne, kt\u00f3re ucz\u0105 nie tylko teorii, ale te\u017c praktyki.","og_url":"https:\/\/centrumzaburzenodzywiania.pl\/strefaspecjalisty\/milena-kudlewska\/","og_site_name":"Strefa Specjalisty - Og\u00f3lnopolskie Centrum Zaburze\u0144 Od\u017cywiania","article_modified_time":"2026-01-09T08:54:44+00:00","twitter_card":"summary_large_image","twitter_misc":{"Szacowany czas czytania":"2 minuty"},"schema":{"@context":"https:\/\/schema.org","@graph":[{"@type":"WebPage","@id":"https:\/\/centrumzaburzenodzywiania.pl\/strefaspecjalisty\/milena-kudlewska\/","url":"https:\/\/centrumzaburzenodzywiania.pl\/strefaspecjalisty\/milena-kudlewska\/","name":"Milena Kudlewska - Strefa Specjalisty - Og\u00f3lnopolskie Centrum Zaburze\u0144 Od\u017cywiania","isPartOf":{"@id":"https:\/\/centrumzaburzenodzywiania.pl\/strefaspecjalisty\/#website"},"primaryImageOfPage":{"@id":"https:\/\/centrumzaburzenodzywiania.pl\/strefaspecjalisty\/milena-kudlewska\/#primaryimage"},"image":{"@id":"https:\/\/centrumzaburzenodzywiania.pl\/strefaspecjalisty\/milena-kudlewska\/#primaryimage"},"thumbnailUrl":"https:\/\/centrumzaburzenodzywiania.pl\/strefaspecjalisty\/wp-content\/uploads\/2025\/08\/oczo-milena-kudlewska.png","datePublished":"2021-04-01T08:36:39+00:00","dateModified":"2026-01-09T08:54:44+00:00","description":"Milena Kudlewska-dietetyczka, psychodietetyczka, biolog. Tworzy i prowadzi projekty edukacyjne, kt\u00f3re ucz\u0105 nie tylko teorii, ale te\u017c praktyki.","breadcrumb":{"@id":"https:\/\/centrumzaburzenodzywiania.pl\/strefaspecjalisty\/milena-kudlewska\/#breadcrumb"},"inLanguage":"pl-PL","potentialAction":[{"@type":"ReadAction","target":["https:\/\/centrumzaburzenodzywiania.pl\/strefaspecjalisty\/milena-kudlewska\/"]}]},{"@type":"ImageObject","inLanguage":"pl-PL","@id":"https:\/\/centrumzaburzenodzywiania.pl\/strefaspecjalisty\/milena-kudlewska\/#primaryimage","url":"","contentUrl":""},{"@type":"BreadcrumbList","@id":"https:\/\/centrumzaburzenodzywiania.pl\/strefaspecjalisty\/milena-kudlewska\/#breadcrumb","itemListElement":[{"@type":"ListItem","position":1,"name":"Strona g\u0142\u00f3wna","item":"https:\/\/centrumzaburzenodzywiania.pl\/strefaspecjalisty\/"},{"@type":"ListItem","position":2,"name":"Milena Kudlewska"}]},{"@type":"WebSite","@id":"https:\/\/centrumzaburzenodzywiania.pl\/strefaspecjalisty\/#website","url":"https:\/\/centrumzaburzenodzywiania.pl\/strefaspecjalisty\/","name":"Strefa Specjalisty - Og\u00f3lnopolskie Centrum Zaburze\u0144 Od\u017cywiania","description":"Strefa Specjalisty - Og\u00f3lnopolskie Centrum Zaburze\u0144 Od\u017cywiania","publisher":{"@id":"https:\/\/centrumzaburzenodzywiania.pl\/strefaspecjalisty\/#organization"},"potentialAction":[{"@type":"SearchAction","target":{"@type":"EntryPoint","urlTemplate":"https:\/\/centrumzaburzenodzywiania.pl\/strefaspecjalisty\/?s={search_term_string}"},"query-input":{"@type":"PropertyValueSpecification","valueRequired":true,"valueName":"search_term_string"}}],"inLanguage":"pl-PL"},{"@type":"Organization","@id":"https:\/\/centrumzaburzenodzywiania.pl\/strefaspecjalisty\/#organization","name":"Strefa Specjalisty - Og\u00f3lnopolskie Centrum Zaburze\u0144 Od\u017cywiania","url":"https:\/\/centrumzaburzenodzywiania.pl\/strefaspecjalisty\/","logo":{"@type":"ImageObject","inLanguage":"pl-PL","@id":"https:\/\/centrumzaburzenodzywiania.pl\/strefaspecjalisty\/#\/schema\/logo\/image\/","url":"https:\/\/centrumzaburzenodzywiania.pl\/strefaspecjalisty\/wp-content\/uploads\/2025\/11\/logo.png","contentUrl":"https:\/\/centrumzaburzenodzywiania.pl\/strefaspecjalisty\/wp-content\/uploads\/2025\/11\/logo.png","width":141,"height":54,"caption":"Strefa Specjalisty - Og\u00f3lnopolskie Centrum Zaburze\u0144 Od\u017cywiania"},"image":{"@id":"https:\/\/centrumzaburzenodzywiania.pl\/strefaspecjalisty\/#\/schema\/logo\/image\/"}}]}},"_links":{"self":[{"href":"https:\/\/centrumzaburzenodzywiania.pl\/strefaspecjalisty\/wp-json\/wp\/v2\/pages\/456","targetHints":{"allow":["GET"]}}],"collection":[{"href":"https:\/\/centrumzaburzenodzywiania.pl\/strefaspecjalisty\/wp-json\/wp\/v2\/pages"}],"about":[{"href":"https:\/\/centrumzaburzenodzywiania.pl\/strefaspecjalisty\/wp-json\/wp\/v2\/types\/page"}],"author":[{"embeddable":true,"href":"https:\/\/centrumzaburzenodzywiania.pl\/strefaspecjalisty\/wp-json\/wp\/v2\/users\/3"}],"replies":[{"embeddable":true,"href":"https:\/\/centrumzaburzenodzywiania.pl\/strefaspecjalisty\/wp-json\/wp\/v2\/comments?post=456"}],"version-history":[{"count":9,"href":"https:\/\/centrumzaburzenodzywiania.pl\/strefaspecjalisty\/wp-json\/wp\/v2\/pages\/456\/revisions"}],"predecessor-version":[{"id":3999,"href":"https:\/\/centrumzaburzenodzywiania.pl\/strefaspecjalisty\/wp-json\/wp\/v2\/pages\/456\/revisions\/3999"}],"wp:attachment":[{"href":"https:\/\/centrumzaburzenodzywiania.pl\/strefaspecjalisty\/wp-json\/wp\/v2\/media?parent=456"}],"curies":[{"name":"wp","href":"https:\/\/api.w.org\/{rel}","templated":true}]}}